{"version":"1.0","provider_name":"La Classe des gnomes","provider_url":"https:\/\/www.anyssa.org\/classedesgnomes","author_name":"Anyssa","author_url":"https:\/\/www.anyssa.org\/classedesgnomes\/author\/anyssa\/","title":"L'adjectif qualificatif (s\u00e9quence 2 - CE2 et CM1) ~ La Classe des gnomes","type":"rich","width":600,"height":338,"html":"<blockquote class=\"wp-embedded-content\" data-secret=\"02GJH8qVsR\"><a href=\"https:\/\/www.anyssa.org\/classedesgnomes\/ladjectif-qualificatif-sequence-2-ce2-et-cm1\/\">L&rsquo;adjectif qualificatif (s\u00e9quence 2 &#8211; CE2 et CM1)<\/a><\/blockquote><iframe sandbox=\"allow-scripts\" security=\"restricted\" src=\"https:\/\/www.anyssa.org\/classedesgnomes\/ladjectif-qualificatif-sequence-2-ce2-et-cm1\/embed\/#?secret=02GJH8qVsR\" width=\"600\" height=\"338\" title=\"\u00ab\u00a0L&rsquo;adjectif qualificatif (s\u00e9quence 2 &#8211; CE2 et CM1)\u00a0\u00bb &#8212; La Classe des gnomes\" data-secret=\"02GJH8qVsR\" frameborder=\"0\" marginwidth=\"0\" marginheight=\"0\" scrolling=\"no\" class=\"wp-embedded-content\"><\/iframe><script>\n\/*! This file is auto-generated *\/\n!function(d,l){\"use strict\";l.querySelector&&d.addEventListener&&\"undefined\"!=typeof URL&&(d.wp=d.wp||{},d.wp.receiveEmbedMessage||(d.wp.receiveEmbedMessage=function(e){var t=e.data;if((t||t.secret||t.message||t.value)&&!\/[^a-zA-Z0-9]\/.test(t.secret)){for(var s,r,n,a=l.querySelectorAll('iframe[data-secret=\"'+t.secret+'\"]'),o=l.querySelectorAll('blockquote[data-secret=\"'+t.secret+'\"]'),c=new RegExp(\"^https?:$\",\"i\"),i=0;i<o.length;i++)o[i].style.display=\"none\";for(i=0;i<a.length;i++)s=a[i],e.source===s.contentWindow&&(s.removeAttribute(\"style\"),\"height\"===t.message?(1e3<(r=parseInt(t.value,10))?r=1e3:~~r<200&&(r=200),s.height=r):\"link\"===t.message&&(r=new URL(s.getAttribute(\"src\")),n=new URL(t.value),c.test(n.protocol))&&n.host===r.host&&l.activeElement===s&&(d.top.location.href=t.value))}},d.addEventListener(\"message\",d.wp.receiveEmbedMessage,!1),l.addEventListener(\"DOMContentLoaded\",function(){for(var e,t,s=l.querySelectorAll(\"iframe.wp-embedded-content\"),r=0;r<s.length;r++)(t=(e=s[r]).getAttribute(\"data-secret\"))||(t=Math.random().toString(36).substring(2,12),e.src+=\"#?secret=\"+t,e.setAttribute(\"data-secret\",t)),e.contentWindow.postMessage({message:\"ready\",secret:t},\"*\")},!1)))}(window,document);\n\/\/# sourceURL=https:\/\/www.anyssa.org\/classedesgnomes\/wp-includes\/js\/wp-embed.min.js\n<\/script>\n","thumbnail_url":"https:\/\/i0.wp.com\/www.anyssa.org\/classedesgnomes\/wp-content\/uploads\/2012\/05\/poz-ecriture.jpg?fit=400%2C300&ssl=1","thumbnail_width":400,"thumbnail_height":300,"description":"Je vous propose une s\u00e9quence synth\u00e9tique sur l'adjectif qualificatif. Elle s'adresse \u00e0 des CE2 ou CM1 (je mets \u00e0 disposition des fiches diff\u00e9renci\u00e9es pour ces deux niveaux). Elle se d\u00e9coupe en 3 temps : une s\u00e9ance de d\u00e9couverte, avec un texte comme support d'\u00e9tude et une fiche pour guider l'observation, une fiche d'exercices sur la reconnaissance de l'adjectif, une fiche d'exercices sur l'accord de l'adjectif avec son nom."}

L'adjectif qualificatif (séquence 2 - CE2 et CM1) ~ La Classe des gnomes

<blockquote class="wp-embedded-content" data-secret="02GJH8qVsR"><a href="https://www.anyssa.org/classedesgnomes/ladjectif-qualificatif-sequence-2-ce2-et-cm1/">L&rsquo;adjectif qualificatif (séquence 2 &#8211; CE2 et CM1)</a></blockquote><iframe sandbox="allow-scripts" security="restricted" src="https://www.anyssa.org/classedesgnomes/ladjectif-qualificatif-sequence-2-ce2-et-cm1/embed/#?secret=02GJH8qVsR" width="600" height="338" title="« L&rsquo;adjectif qualificatif (séquence 2 &#8211; CE2 et CM1) » &#8212; La Classe des gnomes" data-secret="02GJH8qVsR" frameborder="0" marginwidth="0" marginheight="0" scrolling="no" class="wp-embedded-content"></iframe><script>
/*! This file is auto-generated */
!function(d,l){"use strict";l.querySelector&&d.addEventListener&&"undefined"!=typeof URL&&(d.wp=d.wp||{},d.wp.receiveEmbedMessage||(d.wp.receiveEmbedMessage=function(e){var t=e.data;if((t||t.secret||t.message||t.value)&&!/[^a-zA-Z0-9]/.test(t.secret)){for(var s,r,n,a=l.querySelectorAll('iframe[data-secret="'+t.secret+'"]'),o=l.querySelectorAll('blockquote[data-secret="'+t.secret+'"]'),c=new RegExp("^https?:$","i"),i=0;i<o.length;i++)o[i].style.display="none";for(i=0;i<a.length;i++)s=a[i],e.source===s.contentWindow&&(s.removeAttribute("style"),"height"===t.message?(1e3<(r=parseInt(t.value,10))?r=1e3:~~r<200&&(r=200),s.height=r):"link"===t.message&&(r=new URL(s.getAttribute("src")),n=new URL(t.value),c.test(n.protocol))&&n.host===r.host&&l.activeElement===s&&(d.top.location.href=t.value))}},d.addEventListener("message",d.wp.receiveEmbedMessage,!1),l.addEventListener("DOMContentLoaded",function(){for(var e,t,s=l.querySelectorAll("iframe.wp-embedded-content"),r=0;r<s.length;r++)(t=(e=s[r]).getAttribute("data-secret"))||(t=Math.random().toString(36).substring(2,12),e.src+="#?secret="+t,e.setAttribute("data-secret",t)),e.contentWindow.postMessage({message:"ready",secret:t},"*")},!1)))}(window,document);
//# sourceURL=https://www.anyssa.org/classedesgnomes/wp-includes/js/wp-embed.min.js
</script>

Je vous propose une séquence synthétique sur l'adjectif qualificatif. Elle s'adresse à des CE2 ou CM1 (je mets à disposition des fiches différenciées pour ces deux niveaux). Elle se découpe en 3 temps : une séance de découverte, avec un texte comme support d'étude et une fiche pour guider l'observation, une fiche d'exercices sur la reconnaissance de l'adjectif, une fiche d'exercices sur l'accord de l'adjectif avec son nom.
